{"id":354,"date":"2024-04-23T18:11:09","date_gmt":"2024-04-23T16:11:09","guid":{"rendered":"https:\/\/bacinoimperiese.it\/?page_id=354"},"modified":"2024-04-23T18:21:20","modified_gmt":"2024-04-23T16:21:20","slug":"segnalazioni-2","status":"publish","type":"page","link":"https:\/\/bacinoimperiese.it\/index.php\/i-nostri-servizi\/segnalazioni-2\/","title":{"rendered":"Segnalazioni"},"content":{"rendered":"<section class=\"l-section wpb_row height_medium color_primary\"><div class=\"l-section-overlay\" style=\"background:linear-gradient(360deg,rgba(0,0,0,0.00),rgba(0,0,0,0.45))\"><\/div><div class=\"l-section-h i-cf\"><div class=\"g-cols vc_row via_grid cols_1 laptops-cols_inherit tablets-cols_inherit mobiles-cols_1 valign_top type_default stacking_default\"><div class=\"wpb_column vc_column_container\"><div class=\"vc_column-inner\"><h3 class=\"w-text us_custom_1f257949\"><span class=\"w-text-h\"><span class=\"w-text-value\">Segnalazioni<\/span><\/span><\/h3><\/div><\/div><\/div><\/div><\/section><section class=\"l-section wpb_row height_medium\"><div class=\"l-section-h i-cf\"><div class=\"g-cols vc_row via_grid cols_1 laptops-cols_inherit tablets-cols_inherit mobiles-cols_1 valign_top type_default stacking_default\"><div class=\"wpb_column vc_column_container\"><div class=\"vc_column-inner\"><div class=\"w-image us_custom_3501cb52 align_none\"><div class=\"w-image-h\"><img decoding=\"async\" width=\"343\" height=\"328\" src=\"https:\/\/bacinoimperiese.it\/wp-content\/uploads\/2024\/04\/icon-bacino.png\" class=\"attachment-full size-full\" alt=\"\" loading=\"lazy\" srcset=\"https:\/\/bacinoimperiese.it\/wp-content\/uploads\/2024\/04\/icon-bacino.png 343w, https:\/\/bacinoimperiese.it\/wp-content\/uploads\/2024\/04\/icon-bacino-300x287.png 300w\" sizes=\"auto, (max-width: 343px) 100vw, 343px\" \/><\/div><\/div><div class=\"w-separator us_custom_dcd4f45f size_small\"><\/div><div class=\"wpb_text_column\"><div class=\"wpb_wrapper\"><h3>Il vostro contributo \u00e8 fondamentale<\/h3>\n<p style=\"text-align: justify;\">Il vostro contributo \u00e8 una parte essenziale del nostro impegno per fornire un servizio di qualit\u00e0. Ogni segnalazione che riceviamo \u00e8 un passo verso un intervento pi\u00f9 rapido e una costante miglioramento della nostra offerta. Grazie alle vostre segnalazioni, siamo in grado di adattare e ottimizzare i nostri servizi per rispondere meglio alle vostre esigenze specifiche. Il vostro coinvolgimento non solo migliora la qualit\u00e0 del nostro servizio, ma contribuisce anche a mantenere la vostra comunit\u00e0 pi\u00f9 pulita e sicura. Siamo grati per ogni vostra segnalazione, poich\u00e9 ci permette di crescere insieme, promuovendo uno standard elevato di gestione dei rifiuti per il bene di tutti.<\/p>\n<\/div><\/div><\/div><\/div><\/div><\/div><\/section><section class=\"l-section wpb_row height_auto\"><div class=\"l-section-h i-cf\"><div class=\"g-cols vc_row via_grid cols_1 laptops-cols_inherit tablets-cols_inherit mobiles-cols_1 valign_top type_default stacking_default\"><div class=\"wpb_column vc_column_container\"><div class=\"vc_column-inner\"><div class=\"g-cols wpb_row via_grid cols_2-3 laptops-cols_inherit tablets-cols_inherit mobiles-cols_1 valign_middle type_default reversed stacking_default\" style=\"--gap:3.5vw;\"><div class=\"wpb_column vc_column_container\"><div class=\"vc_column-inner\"><div class=\"w-image us_custom_70cfe74d style_shadow-2 has_ratio align_none\"><div class=\"w-image-h\"><div style=\"padding-bottom:66.6667%\"><\/div><div class=\"w-image-shadow\" style=\"background-image:url(https:\/\/bacinoimperiese.it\/wp-content\/uploads\/2024\/04\/Immagini-servizi-12-1024x681.png);\"><\/div><img decoding=\"async\" width=\"1024\" height=\"681\" src=\"https:\/\/bacinoimperiese.it\/wp-content\/uploads\/2024\/04\/Immagini-servizi-12-1024x681.png\" class=\"attachment-large size-large\" alt=\"\" loading=\"lazy\" srcset=\"https:\/\/bacinoimperiese.it\/wp-content\/uploads\/2024\/04\/Immagini-servizi-12-1024x681.png 1024w, https:\/\/bacinoimperiese.it\/wp-content\/uploads\/2024\/04\/Immagini-servizi-12-300x199.png 300w, https:\/\/bacinoimperiese.it\/wp-content\/uploads\/2024\/04\/Immagini-servizi-12.png 1506w\" sizes=\"auto, (max-width: 1024px) 100vw, 1024px\" \/><\/div><\/div><\/div><\/div><div class=\"wpb_column vc_column_container\"><div class=\"vc_column-inner\"><div class=\"wpb_text_column us_custom_d98eb4eb\"><div class=\"wpb_wrapper\"><h4><strong>Abbandoni<\/strong><\/h4>\n<p>Se avete notato situazioni di abbandono o smaltimento improprio, vi preghiamo di fornire dettagli sulla posizione e, se possibile, allegare foto per una valutazione pi\u00f9 accurata.<\/p>\n<\/div><\/div><\/div><\/div><\/div><div class=\"w-separator size_small\"><\/div><div class=\"g-cols wpb_row via_grid cols_3-2 laptops-cols_inherit tablets-cols_inherit mobiles-cols_1 valign_middle type_default stacking_default\" style=\"--gap:3.5vw;\"><div class=\"wpb_column vc_column_container\"><div class=\"vc_column-inner\"><div class=\"wpb_text_column us_custom_b818dcba\"><div class=\"wpb_wrapper\"><h4>Mancato Ritiro di Ingombranti<\/h4>\n<p>Nel caso in cui il ritiro degli ingombranti non sia stato effettuato correttamente, descrivete l&#8217;evento specificando data e luogo. Questo ci aiuter\u00e0 a risolvere prontamente la situazione e a migliorare i nostri processi<\/p>\n<\/div><\/div><\/div><\/div><div class=\"wpb_column vc_column_container\"><div class=\"vc_column-inner\"><div class=\"w-image us_custom_70cfe74d style_shadow-2 has_ratio align_none\"><div class=\"w-image-h\"><div style=\"padding-bottom:66.6667%\"><\/div><div class=\"w-image-shadow\" style=\"background-image:url(https:\/\/bacinoimperiese.it\/wp-content\/uploads\/2024\/04\/Immagini-servizi-13-1024x681.png);\"><\/div><img decoding=\"async\" width=\"1024\" height=\"681\" src=\"https:\/\/bacinoimperiese.it\/wp-content\/uploads\/2024\/04\/Immagini-servizi-13-1024x681.png\" class=\"attachment-large size-large\" alt=\"\" loading=\"lazy\" srcset=\"https:\/\/bacinoimperiese.it\/wp-content\/uploads\/2024\/04\/Immagini-servizi-13-1024x681.png 1024w, https:\/\/bacinoimperiese.it\/wp-content\/uploads\/2024\/04\/Immagini-servizi-13-300x199.png 300w, https:\/\/bacinoimperiese.it\/wp-content\/uploads\/2024\/04\/Immagini-servizi-13.png 1506w\" sizes=\"auto, (max-width: 1024px) 100vw, 1024px\" \/><\/div><\/div><\/div><\/div><\/div><div class=\"w-separator size_small\"><\/div><div class=\"g-cols wpb_row via_grid cols_2-3 laptops-cols_inherit tablets-cols_inherit mobiles-cols_1 valign_middle type_default reversed stacking_default\" style=\"--gap:3.5vw;\"><div class=\"wpb_column vc_column_container\"><div class=\"vc_column-inner\"><div class=\"w-image us_custom_70cfe74d style_shadow-2 has_ratio align_none\"><div class=\"w-image-h\"><div style=\"padding-bottom:66.6667%\"><\/div><div class=\"w-image-shadow\" style=\"background-image:url(https:\/\/bacinoimperiese.it\/wp-content\/uploads\/2024\/04\/Immagini-servizi-14-1024x681.png);\"><\/div><img decoding=\"async\" width=\"1024\" height=\"681\" src=\"https:\/\/bacinoimperiese.it\/wp-content\/uploads\/2024\/04\/Immagini-servizi-14-1024x681.png\" class=\"attachment-large size-large\" alt=\"\" loading=\"lazy\" srcset=\"https:\/\/bacinoimperiese.it\/wp-content\/uploads\/2024\/04\/Immagini-servizi-14-1024x681.png 1024w, https:\/\/bacinoimperiese.it\/wp-content\/uploads\/2024\/04\/Immagini-servizi-14-300x199.png 300w, https:\/\/bacinoimperiese.it\/wp-content\/uploads\/2024\/04\/Immagini-servizi-14.png 1506w\" sizes=\"auto, (max-width: 1024px) 100vw, 1024px\" \/><\/div><\/div><\/div><\/div><div class=\"wpb_column vc_column_container\"><div class=\"vc_column-inner\"><div class=\"wpb_text_column us_custom_d98eb4eb\"><div class=\"wpb_wrapper\"><h4>Contenitori Danneggiati<\/h4>\n<p>Se avete riscontrato contenitori danneggiati, vi chiediamo di segnalarcelo indicando il numero identificativo del contenitore e, se possibile, allegando immagini che mostrino il danno.<\/p>\n<\/div><\/div><\/div><\/div><\/div><div class=\"w-separator size_medium\"><\/div><\/div><\/div><\/div><\/div><\/section><section class=\"l-section wpb_row height_small\"><div class=\"l-section-h i-cf\"><div class=\"g-cols vc_row via_grid cols_1 laptops-cols_inherit tablets-cols_inherit mobiles-cols_1 valign_top type_default stacking_default\"><div class=\"wpb_column vc_column_container\"><div class=\"vc_column-inner\"><\/div><\/div><\/div><\/div><\/section><section class=\"l-section wpb_row us_custom_c70c97eb height_large\"><div class=\"l-section-h i-cf\"><div class=\"g-cols vc_row via_grid cols_2 laptops-cols_inherit tablets-cols_1 mobiles-cols_1 valign_middle type_default stacking_default\"><div class=\"wpb_column vc_column_container\"><div class=\"vc_column-inner\"><div class=\"wpb_text_column\"><div class=\"wpb_wrapper\"><h4>Contattaci al Numero Verde<\/h4>\n<\/div><\/div><div class=\"g-cols wpb_row via_grid cols_1 laptops-cols_inherit tablets-cols_inherit mobiles-cols_1 valign_top type_default stacking_default\" style=\"--gap:3rem;\"><div class=\"wpb_column vc_column_container\"><div class=\"vc_column-inner\"><div class=\"w-separator size_small\"><\/div><h4 class=\"w-text\"><a href=\"http:\/\/800.99.77.40\" class=\"w-text-h\"><span class=\"w-text-value\">800.99.77.40<\/span><\/a><\/h4><\/div><\/div><div class=\"wpb_column vc_column_container\"><div class=\"vc_column-inner\"><div class=\"wpb_text_column\"><div class=\"wpb_wrapper\"><p><em>Per altre modalit\u00e0 di contatto vai alla pagina Contattaci<\/em><\/p>\n<\/div><\/div><\/div><\/div><\/div><\/div><\/div><div class=\"wpb_column vc_column_container us_custom_e5cabf0a has_bg_color\"><div class=\"vc_column-inner\"><form class=\"w-form  layout_ver for_cform us_form_1\" autocomplete=\"off\" action=\"https:\/\/bacinoimperiese.it\/index.php\/wp-json\/wp\/v2\/pages\/354\" method=\"post\"><div class=\"w-form-h\"><div class=\"w-form-row for_text cols_2\">\r\n\t\t<div class=\"w-form-row-field\">\r\n\t\t\t\t\t\t<input aria-label=\"Name\" type=\"text\" name=\"us_form_1_text_1\" value placeholder=\"Name\"\/>\r\n\t\t\t<\/div>\r\n\t\t<div class=\"w-form-row-state\">Fill out this field<\/div>\r\n<\/div>\r\n<div class=\"w-form-row for_text cols_2\">\r\n\t\t<div class=\"w-form-row-field\">\r\n\t\t\t\t\t\t<input aria-label=\"Cognome\" type=\"text\" name=\"us_form_1_text_2\" value placeholder=\"Cognome\"\/>\r\n\t\t\t<\/div>\r\n\t\t<div class=\"w-form-row-state\">Fill out this field<\/div>\r\n<\/div>\r\n<div class=\"w-form-row for_email required\">\r\n\t\t<div class=\"w-form-row-field\">\r\n\t\t\t\t\t\t<input aria-label=\"Email\" type=\"email\" name=\"us_form_1_email_1\" value placeholder=\"Email *\" data-required=\"true\" aria-required=\"true\"\/>\r\n\t\t\t<\/div>\r\n\t\t<div class=\"w-form-row-state\">Please enter a valid email address.<\/div>\r\n<\/div>\r\n<div class=\"w-form-row for_select has_label\">\r\n\t\t\t<div class=\"w-form-row-label\">\r\n\t\t\t<span>Segnala Disservizio<\/span>\r\n\t\t<\/div>\r\n\t\t<div class=\"w-form-row-field\">\r\n\t\t\t\t\t\t<select aria-label=\"Segnala Disservizio\" name=\"us_form_1_select_1\">\r\n\t\t\t<option value=\"Abbandoni\">Abbandoni<\/option><option value=\"Mancato Ritiro Ingombranti\">Mancato Ritiro Ingombranti<\/option><option value=\"Contenitori Danneggiati\">Contenitori Danneggiati<\/option>\t\t<\/select>\r\n\t\t\t<\/div>\r\n\t\t<div class=\"w-form-row-state\">Select an option<\/div>\r\n<\/div>\r\n<div class=\"w-form-row for_textarea required\">\r\n\t\t<div class=\"w-form-row-field\">\r\n\t\t\t\t\t\t<textarea aria-label=\"Scrivi la tua segnalazione\" name=\"us_form_1_textarea_1\" placeholder=\"Scrivi la tua segnalazione *\" data-required=\"true\" aria-required=\"true\"><\/textarea>\r\n\t\t\t<\/div>\r\n\t\t<div class=\"w-form-row-state\">Fill out this field<\/div>\r\n<\/div>\r\n<input type=\"hidden\" name=\"action\" value=\"us_ajax_cform\" \/>\r\n<input type=\"hidden\" name=\"post_id\" value=\"0\" \/>\r\n<input type=\"hidden\" name=\"form_index\" value=\"1\" \/>\r\n<div class=\"w-form-row for_submit align_justify\">\r\n\t<button class=\"w-btn  us-btn-style_1\" aria-label=\"Submit\" type=\"submit\">\r\n\t\t<span class=\"g-preloader type_1\"><\/span>\r\n\t\t\t\t<span class=\"w-btn-label\">Submit<\/span>\r\n\t\t\t<\/button>\r\n\t<\/div>\r\n<\/div><div class=\"w-form-message\"><\/div><div class=\"w-form-json hidden\" onclick='return {&quot;ajaxurl&quot;:&quot;https:\\\/\\\/bacinoimperiese.it\\\/wp-admin\\\/admin-ajax.php&quot;,&quot;messages&quot;:{&quot;err_empty&quot;:&quot;Fill out this field&quot;,&quot;err_size&quot;:&quot;File size cannot exceed %s MB&quot;,&quot;err_extension&quot;:&quot;%s file type is not allowed&quot;}}'><\/div><\/form><\/div><\/div><\/div><\/div><\/section>\n","protected":false},"excerpt":{"rendered":"SegnalazioniIl vostro contributo \u00e8 fondamentale Il vostro contributo \u00e8 una parte essenziale del nostro impegno per fornire un servizio di qualit\u00e0. Ogni segnalazione che riceviamo \u00e8 un passo verso un intervento pi\u00f9 rapido e una costante miglioramento della nostra offerta. Grazie alle vostre segnalazioni, siamo in grado di adattare e ottimizzare i nostri servizi per...","protected":false},"author":1,"featured_media":0,"parent":122,"menu_order":0,"comment_status":"closed","ping_status":"closed","template":"","meta":{"footnotes":""},"class_list":["post-354","page","type-page","status-publish","hentry"],"_links":{"self":[{"href":"https:\/\/bacinoimperiese.it\/index.php\/wp-json\/wp\/v2\/pages\/354","targetHints":{"allow":["GET"]}}],"collection":[{"href":"https:\/\/bacinoimperiese.it\/index.php\/wp-json\/wp\/v2\/pages"}],"about":[{"href":"https:\/\/bacinoimperiese.it\/index.php\/wp-json\/wp\/v2\/types\/page"}],"author":[{"embeddable":true,"href":"https:\/\/bacinoimperiese.it\/index.php\/wp-json\/wp\/v2\/users\/1"}],"replies":[{"embeddable":true,"href":"https:\/\/bacinoimperiese.it\/index.php\/wp-json\/wp\/v2\/comments?post=354"}],"version-history":[{"count":4,"href":"https:\/\/bacinoimperiese.it\/index.php\/wp-json\/wp\/v2\/pages\/354\/revisions"}],"predecessor-version":[{"id":361,"href":"https:\/\/bacinoimperiese.it\/index.php\/wp-json\/wp\/v2\/pages\/354\/revisions\/361"}],"up":[{"embeddable":true,"href":"https:\/\/bacinoimperiese.it\/index.php\/wp-json\/wp\/v2\/pages\/122"}],"wp:attachment":[{"href":"https:\/\/bacinoimperiese.it\/index.php\/wp-json\/wp\/v2\/media?parent=354"}],"curies":[{"name":"wp","href":"https:\/\/api.w.org\/{rel}","templated":true}]}}